 of 600?
2, 3, 5
What are the prime factors of 15489?
3, 1721
List the prime factors of 9076.
2, 2269
What are the prime factors of 29092?
2, 7, 1039
What are the prime factors of 809?
809
What are the prime factors of 13609?
31, 439
What are the prime factors of 4626?
2, 3, 257
List the prime factors of 6476.
2, 1619
What are the prime factors of 4685?
5, 937
What are the prime factors of 128181?
3, 42727
What are the prime factors of 1971?
3, 73
List the prime factors of 5728.
2, 179
List the prime factors of 6282.
2, 3, 349
What are the prime factors of 13452?
2, 3, 19, 59
List the prime factors of 78962.
2, 13, 3037
List the prime factors of 11155.
5, 23, 97
What are the prime factors of 2279?
43, 53
List the prime factors of 22594.
2, 11, 13, 79
List the prime factors of 385.
5, 7, 11
What are the prime factors of 28975?
5, 19, 61
What are the prime factors of 95598?
2, 3, 47, 113
What are the prime factors of 418?
2, 11, 19
List the prime factors of 1714.
2, 857
What are the prime factors of 1508?
2, 13, 29
What are the prime factors of 10689?
3, 7, 509
What are the prime factors of 51469?
11, 4679
What are the prime factors of 333?
3, 37
What are the prime factors of 4967?
4967
List the prime factors of 1849.
43
List the prime factors of 1205.
5, 241
What are the prime factors of 684?
2, 3, 19
List the prime factors of 485.
5, 97
What are the prime factors of 80572?
2, 20143
What are the prime factors of 7498?
2, 23, 163
List the prime factors of 341.
11, 31
List the prime factors of 38162.
2, 19081
List the prime factors of 31529.
41, 769
What are the prime factors of 1539?
3, 19
What are the prime factors of 25620?
2, 3, 5, 7, 61
List the prime factors of 83077.
83077
List the prime factors of 2668.
2, 23, 29
What are the prime factors of 5656?
2, 7, 101
List the prime factors of 530.
2, 5, 53
What are the prime factors of 55007?
67, 821
What are the prime factors of 2201?
31, 71
List the prime factors of 49630.
2, 5, 7, 709
List the prime factors of 13705.
5, 2741
List the prime factors of 5267.
23, 229
What are the prime factors of 148?
2, 37
List the prime factors of 16865.
5, 3373
List the prime factors of 2835.
3, 5, 7
List the prime factors of 7441.
7, 1063
List the prime factors of 191286.
2, 3, 10627
What are the prime factors of 114942?
2, 3, 19157
What are the prime factors of 2444?
2, 13, 47
What are the prime factors of 4890?
2, 3, 5, 163
List the prime factors of 589.
19, 31
What are the prime factors of 28162?
2, 14081
List the prime factors of 154.
2, 7, 11
What are the prime factors of 35498?
2, 17749
What are the prime factors of 558?
2, 3, 31
List the prime factors of 4843.
29, 167
List the prime factors of 2227.
17, 131
List the prime factors of 1657.
1657
List the prime factors of 9596.
2, 2399
List the prime factors of 6046.
2, 3023
List the prime factors of 1233.
3, 137
List the prime factors of 4973.
4973
List the prime factors of 1258.
2, 17, 37
List the prime factors of 50700.
2, 3, 5, 13
What are the prime factors of 8466?
2, 3, 17, 83
List the prime factors of 26559.
3, 13, 227
List the prime factors of 26293.
26293
List the prime factors of 11033.
11, 17, 59
What are the prime factors of 9102?
2, 3, 37, 41
What are the prime factors of 145?
5, 29
What are the prime factors of 3012?
2, 3, 251
What are the prime factors of 31259?
31259
List the prime factors of 11085.
3, 5, 739
What are the prime factors of 258?
2, 3, 43
What are the prime factors of 707?
7, 101
List the prime factors of 4531.
23, 197
List the prime factors of 409.
409
List the prime factors of 65.
5, 13
List the prime factors of 38692.
2, 17, 569
What are the prime factors of 11365?
5, 2273
What are the prime factors of 1359?
3, 151
What are the prime factors of 93?
3, 31
List the prime factors of 16294.
2, 8147
List the prime factors of 7529.
7529
What are the prime factors of 44091?
3, 23, 71
List the prime factors of 469.
7, 67
List the prime factors of 17768.
2, 2221
What are the prime factors of 13305?
3, 5, 887
What are the prime factors of 2106?
2, 3, 13
List the prime factors of 19763.
19763
List the prime factors of 47453.
7, 6779
List the prime factors of 42976.
2, 17, 79
What are the prime factors of 1117?
1117
What are the prime factors of 7249?
11, 659
What are the prime factors of 1326?
2, 3, 13, 17
What are the prime factors of 2506?
2, 7, 179
List the prime factors of 906.
2, 3, 151
List the prime factors of 1684.
2, 421
What are the prime factors of 9772?
2, 7, 349
What are the prime factors of 614?
2, 307
List the prime factors of 11751.
3, 3917
List the prime factors of 7872.
2, 3, 41
List the prime factors of 64.
2
What are the prime factors of 13927?
19, 733
List the prime factors of 926.
2, 463
List the prime factors of 1650.
2, 3, 5, 11
What are the prime factors of 32728?
2, 4091
List the prime factors of 957.
3, 11, 29
What are the prime factors of 992?
2, 31
What are the prime factors of 2433?
3, 811
List the prime factors of 3568.
2, 223
What are the prime factors of 106?
2, 53
List the prime factors of 42956.
2, 10739
List the prime factors of 46.
2, 23
List the prime factors of 47150.
2, 5, 23, 41
List the prime factors of 5163.
3, 1721
List the prime factors of 1040.
2, 5, 13
List the prime factors of 21156.
2, 3, 41, 43
What are the prime factors of 4129?
4129
List the prime factors of 1015.
5, 7, 29
List the prime factors of 4558.
2, 43, 53
What are the prime factors of 18975?
3, 5, 11, 23
List the prime factors of 1474.
2, 11, 67
List the prime factors of 33868.
2, 8467
List the prime factors of 16546.
2, 8273
What are the prime factors of 132221?
19, 6959
List the prime factors of 6129.
3, 227
What are the prime factors of 26179?
47, 557
List the prime factors of 791.
7, 113
List the prime factors of 24441.
3, 8147
List the prime factors of 12043.
12043
What are the prime factors of 13646?
2, 6823
List the prime factors of 436.
2, 109
What are the prime factors of 3785?
5, 757
What are the prime factors of 101834?
2, 59, 863
List the prime factors of 10305.
3, 5, 229
What are the prime factors of 827?
827
What are the prime factors of 18141?
3, 6047
What are the prime factors of 6586?
2, 37, 89
What are the prime factors of 53246?
2, 79, 337
What are the prime factors of 12233?
13, 941
What are the prime factors of 4730?
2, 5, 11, 43
List the prime factors of 27362.
2, 13681
List the prime factors of 3183.
3, 1061
List the prime factors of 9631.
9631
List the prime factors of 10189.
23, 443
List the prime factors of 7366.
2, 29, 127
What are the prime factors of 432?
2, 3
What are the prime factors of 2563?
11, 233
List the prime factors of 1156.
2, 17
List the prime factors of 21315.
3, 5, 7, 29
What are the prime factors of 2716?
2, 7, 97
List the prime factors of 642.
2, 3, 107
List the prime factors of 9798.
2, 3, 23, 71
List the prime factors of 759.
3, 11, 23
List the prime factors of 4665.
3, 5, 311
List the prime factors of 28620.
2, 3, 5, 53
List the prime factors of 51483.
3, 131
List the prime factors of 9665.
5, 1933
List the prime factors of 3926.
2, 13, 151
What are the prime factors of 4937?
4937
List the prime factors of 109429.
17, 41, 157
List the prime factors of 19186.
2, 53, 181
List the prime factors of 906.
2, 3, 151
What are the prime factors of 5202?
2, 3, 17
What are the prime factors of 15589?
7, 17, 131
What are the prime factors of 8944?
2, 13, 43
List the prime factors of 96875.
5, 31
What are the prime factors of 1934?
2, 967
List the prime factors of 19361.
19, 1019
What are the prime factors of 23973?
3, 61, 131
What are the prime factors of 5922?
2, 3, 7, 47
What are the prime factors of 11398?
2, 41, 139
What are the prime factors of 10596?
2, 3, 883
List the prime factors of 13821.
3, 17, 271
List the prime factors of 2551.
2551
What are the prime factors of 5900?
2, 5, 59
What are the prime factors of 3317?
31, 107
What are the prime factors of 203436?
2, 3, 5651
List the prime factors of 11365.
5, 2273
List the prime factors of 1851.
3, 617
List the prime factors of 56863.
101, 563
What are the prime factors of 5546?
2, 47, 59
List the prime factors of 1170.
2, 3, 5, 13
List the prime factors of 36547.
7, 23, 227
List the prime factors of 467.
467
List the prime fac